(-10 - (35 - 13)).
-14
-43 + 37 - (-2 - -17 - (-4 - 1))
-26
What is the value of (-2 + 11 - (14 - 6 - -2)) + 8?
7
What is (-1 - 0) + 5 - (4 + (-7 - -10))?
-3
Evaluate (12 - 19) + (18 - -14).
25
What is the value of 12 - -1 - ((24 - 28) + (17 - 8))?
8
Calculate 10 + -6 + 10 + -8 - -4.
10
Calculate -3 + 3 - -4 - ((8 - 27) + 32).
-9
What is (0 - 4) + 9 - (-1 + 0 - 4)?
10
Evaluate 5 - (-14 - (0 + -4)).
15
17 - (-2 + 9) - 1
9
Evaluate 50 + -39 - (5 + 24).
-18
(-11 - -46) + -15 - -5 - (0 + 0)
25
Evaluate (-17 - -1) + 55 + -46 - -13.
6
Calculate (1 - -1 - -48) + 42 + -51 + -7.
34
-7 + -3 + (5 - (-12 + 24)) - -7
-10
Evaluate 0 + ((-6 - -13) + -5 - 7).
-5
(34 - (-3 - -26)) + -8
3
Evaluate -8 - (-13 + 5 + 9).
-9
Evaluate 8 + -4 + 12 - 5 - 7.
4
What is the value of -3 + -7 + -11 + 21 - -2?
2
Calculate (11 - (-3 + 11)) + -2.
1
(-20 - -46) + -20 - (13 - 1)
-6
What is (-8 - (15 + -6)) + 2?
-15
Evaluate -61 + 49 - (1 - 23).
10
Evaluate (-2 - (-36 + 21 - (-1 + 1))) + -3.
10
2 + -17 + (7 - 0) + -2
-10
What is (5 - ((3 - -2) + -5)) + -8?
-3
What is (29 - 2) + 1 - (-29 + -4 + 34)?
27
Calculate -8 + 8 + -7 - -6.
-1
Calculate (-1286 - -1298) + -7 + -2 + (3 - -1).
7
What is (-15 + 26 - 2) + -17 + (-3 - -1)?
-10
Evaluate (37 - 17) + 3 - 10.
13
What is the value of ((4 - 0) + 2 - (34 - 24)) + -3?
-7
Calculate (26 - 54) + 43 + -5.
10
Evaluate -1 - (-59 + 55) - (-9 + -1).
13
Calculate -11 - (-31 + -16) - 64.
-28
Calculate (9 - 2) + 269 + -286.
-10
What is the value of -5 + 16 + -5 + -12 + -10?
-16
537 - 572 - (-1 - 36)
2
38 - (-12 - (-77 + 24))
-3
-84 + 67 - (-5 + 4)
-16
(3 - 6 - -3) + -12 + 6 + 21
15
22 - (-8 - -12) - (26 - 23)
15
What is (-1 - 7 - (42 + -49)) + 0?
-1
What is the value of (0 - -18) + -13 - ((4 - 1) + -15)?
17
Calculate (-134 - -124 - (1 + -9)) + -8.
-10
8 - 8 - -1 - 10 - -26
17
-1 - (17 + -35) - -3
20
Evaluate -15 + 9 + -2 - (1 - 5).
-4
40 + (-33 + -8 - -20)
19
What is the value of 5 + 1 + 3 + -7 - 5?
-3
-5 - (-8 + (15 - (-3 - -7)) + -23)
15
What is 1 - (23 + -18 - (0 - -3 - 1))?
-2
What is (42 + 1 - 2) + (28 - 43)?
26
Calculate -18 - ((15 - 8) + -1 + -15).
-9
What is 14 - 31 - -25 - (0 - (0 + 0))?
8
Calculate 27 + (-2 + 12 - (-75 - -89)).
23
What is the value of 150 + -147 + (-1 - -15)?
17
Evaluate (13 - 7) + 0 + -18.
-12
What is the value of 0 + 28 + -10 + 25 + -39 + 34?
38
Calculate 3 + ((-2 - -2) + 1 - (-13 - -14)).
3
Calculate (-1 - -3 - (45 + -27)) + 10.
-6
What is the value of (81 - (58 - -6)) + (0 + -1 - 3)?
13
Calculate (18 - 0) + (213 - 221).
10
27 + -32 + 16 - 15
-4
What is (17 - 9) + -9 + -4 + 1?
-4
Evaluate (-2 - -4) + (8 - (7 + 7 - 6)).
2
(2 + -3 - -1) + (16 - -1) + -16
1
-3 + -4 - (38 - 40)
-5
What is the value of 36 + -18 - -2 - 1?
19
What is the value of -1 + (25 - (26 - -9) - (-1 - 1))?
-9
Evaluate -2 + -6 - (47 - 46) - -14.
5
What is 3 + (-4 - (10 + -9)) + 6?
4
18 - (-19 - (-37 + 10))
10
1 + -56 + 410 + -367
-12
What is -3610 + 3608 + 0 + 0 + -1?
-3
What is 6 + 2 + 4 + (2 - 9) + 1?
6
Evaluate 1 + -8 - (-49 + 21 + (3 - 3)).
21
What is the value of 2 + 4 + -6 + 3 + -2 + -7?
-6
Evaluate -3 - (11 + -9) - -1.
-4
(3 - (28 - 19)) + -4
-10
What is 3 - ((2 - 1) + (-4 - (12 + -25)))?
-7
Evaluate -16 + 2 - (-37 + 33) - -3.
-7
Calculate -1 - -8 - (16 - (5 - (7 - -4))).
-15
3 - (-4 + (9 - (5 - 11))) - 6
-14
What is the value of 2 - 26 - (-385 + 363)?
-2
(27 + -17 - (1 + -3)) + -5
7
Calculate 20 + (-5 - 23) - (1 + -6).
-3
Evaluate 38 - -6 - (24 - 14) - 13.
21
Evaluate (9 - 9 - (-2 - (0 - -2))) + -15.
-11
Calculate -4 - ((0 - -4) + -9 - -7).
-6
What is -8 + -1 + 3 + 7 - 14?
-13
-10 - -6 - (0 + 8 + 0 + -20)
8
Calculate 1 - 2 - 12 - (1729 - 1718).
-24
(1 - (42 + 1)) + 153 + (137 - 278)
-30
Evaluate (1 - (1 - -1)) + -2 + (36 - 36).
-3
What is -4 - 16 - (22 + -52)?
10
-39 + 24 + -23 + -1
-39
What is the value of (-24 - -17 - -19) + -15?
-3
Calculate (-7 - -3 - 15) + 3 + -13 + 8.
-21
What is the value of 23 + 30 + -33 + -1 + -16?
3
-517 + 547 + 0 + -19
11
-8 + (2 - -7) + -3 - (2 - -14)
-18
What is the value of -7 + (15 + -7 - -27) + -12?
16
What is (9 + (-33 - -14) - (2 + -6)) + 1?
-5
What is -19 + (36 - 20) + 7?
4
What is 3 + (-3 - 0) - (9 + 6 + -11)?
-4
What is the value of 56 - 55 - ((1 - -4) + (-15 - -12))?
-1
2 + 57 - (305 - 285)
39
What is the value of -2 - (1 - (10 - 10) - (8 + 0))?
5
What is 16 + 7 + -10 + -27?
-14
Calculate 5 - (-10 + -1 + 19).
-3
Calculate -1 + 42 - (-443 - -461).
23
-21 - (5 + -27) - -6
7
Calculate -11 + 28 - (3 + 2 + -4 + 6).
10
-2 + -1 + (9 - -19) + -26
-1
Calculate -1 + 22 + -2 - (485 + -499).
33
What is the value of (-15 - (-15 - -10)) + 27?
17
What is (-1 - (10 - (5 - -2)) - -3) + 8?
7
-12 + 0 - (58 - 34 - 26)
-10
What is 17 + (3 + 5 + -2 - 11) + -5?
7
Calculate -4 + -8 + 48 - 38.
-2
6 + -6 + -16 + (-49 - -51)
-14
(44 - 23) + (-1 - 3)
17
What is -11 + 0 + (-13 - (-9 + 10 + -53))?
28
What is (2 - (-1 + 1 - -1)) + 2604 + -2588?
17
Calculate -18 - -9 - (1 - -2).
-12
Calculate 0 + -8 + 16 - 9.
-1
5 - (-7 + (4 - (-2 + -2)) + 0)
4
Evaluate 18 - 3 - (-19 - (-30 - -13)).
17
What is -26 + -10 + 4 + 0 + 0?
-32
Evaluate -12 + 5 + -4 + 1.
-10
What is the value of -112 + 116 + -4 + 4 + -9?
-5
Evaluate -53 - ((-2 - (-9 - -11)) + -15).
-34
-18 - -8 - (-3 + 0 + -6 + 7)
-8
Evaluate (-16 - -3) + (179 - 158) + (-2 - 6).
0
Evaluate 206 - 190 - (0 - -19) - (0 - 6).
3
Evaluate 2 - ((5 - 2) + -10 + (6 - 7)).
10
What is (-2 - 23) + 1 - -9?
-15
(-7 - (-11 + 10)) + 9 + -9
-6
Calculate (22 + -79 - -74) + (0 - -10).
27
What is -22 + (-5 + 8 - (-3 + -3))?
-13
Calculate -8 + 1 + -8 + 14 - (-5 - -1).
3
Evaluate (23 - 63) + (62 - 3).
19
Calculate 8 + 3 - (-5 - (-11 - 2)).
3
5 - 19 - (-6 + 1 - 6)
-3
What is 2 + (-6 - (-10 + 6)) - (-4 - -5)?
-1
Calculate -29 + 26 + (15 - (3 + -2 + -2)).
13
Evaluate 2 + (-1 - -4 - 8) - (-30 - -24).
3
Evaluate 17 + -12 + -9 - -21.
17
What is the value of (-24 - (-46 - 21)) + -13?
30
11 - (-6 + 0 + 10 + 25) - -5
-13
Calculate -7 + (13 - (4 + (-10 - -3))).
9
Calculate -22 + (1 - -25) + -19.
-15
-13 - -23 - (-6 + 12 - (0 - -1))
5
(13 - 25) + 4 - ((4 - 6) + -38)
32
Calculate 4 + 24 + -10 - 13.
5
Calculate 15 + 0 + -7 + -14.
-6
391 + -370 + (-1 - 39)
-19
Calculate -6 - 6 - (-7 + -1).
-4
Calculate -7 - (17 + -58 - -26 - (-1 + -7)).
0
What is the value of 4 + -12 + 11 + -7 + 6?
2
Evaluate 19 - (-2 + -1 - (-5 - -7)).
24
What is the value of 1 + (-5 + 15 - (10 - 4))?
5
What is (1 + 3 + -9 - -12) + -1 + -10?
-4
Calculate -6 + 7 + (1 - 1) - 5.
-4
Calculate 2 - -10 - -21 - (-13 + 24).
22
Calculate 19 + 8 - 42 - (-2 - (-4 + 2)).
-15
41 + -52 + 1 + 34
24
What is 53 - 28 - (0 - 6 - -10)?
21
Evaluate -4 + (-1 - (-7 - 7)).
9
What is -13 + 48 + -40 + (-2 - (3 - 0))?
-10
-4 + 1 + 0 - (282 - 285) - 13
-13
What is -2 + -2 + 17 - 9?
4
Calculate 9 - (-14 + 34 + -27 + -6 + 3).
19
What is 94 + -40 + -45 + 12?
21
Evaluate 17 + -30 + 7 + 18.
12
Calculate -3 - (18 + -11 - (3 - -12)).
5
Evaluate 3 - ((5 - -1) + 4).
-7
Calculate (-5 - 1) + -18 - -11.
-13
-26 + 31 - (-3 + 4 - 4)
8
Calculate -2 - (-3 + -6) - (-1 + 6) - 4.
-2
Calculate 9 - (14 - 4) - 0.
-1
What is (-3 + (11 - 3) - 5) + (8 - 9)?
-1
What is the value of 10 + (13 - 4 - 43)?
-24
What is the value of 10 + (0 - (4 + 6)) - 11?
-11
Evaluate 20 + (17 + 19 - 42).
14
What is the value of 65 - (32 - (-23 - -28))?
38
Evaluate 6 + (-4 - -3 - 2) + (0 - -6).
9
What is the value of 0 + 0 - (44 + 16 + (-28 - 7))?
-25
30 - 23 - (2 + 1 + (1 - 1))
4
Evaluate 3 - (-12 - (4 + -10)).
9
Evaluate -4 + -2 + (-4 - (-24 - (5 - 7))).
12
What is -13 - (-15 + (12 - (-10 - -15)))?
-5
Calculate 17 - 23 - (-4 - (-2 + -8)).
-12
Evaluate 356 - 381 - (-8 - -2).
-19
What is 38 - (-18 + 70 + -22)?
8
Evaluate 37 - (-4 + 28) - 26.
-13
What is (13 - 3) + -8 + (1 - -14)?
17
Evaluate (7 - 11) + -2 + -6 + -1.
-13
What is the value of -10 - (-16 - (-12 + (-9 - 1) + 16))?
0
Evaluate 11 + -21 + (5 - 12) + 7.
-10
What is 6 + 7 + -1 + -5 + -7 + -9?
-9
Evaluate (4 - (11 + -13 - 4)) + 17.
27
What is the value of -6 - (-9 + 15) - -24?
12
What is the value of -2 - (1 + 20) - (10 - 15)?
-18
Evaluate -13 - (6 + 0) - (42 - 40).
-21
1 - (2 + 3 + -11)
7
Evaluate 2 - (14 + (9 - 12)).
-9
1 - (8 - 4) - 4 - -8
1
Calculate -17 + -1 + (-374 - -375).
-17
Evaluate 16 + (-17 - -19 - -5).
23
What is the value of (-52 - 1) + 128 + -102?
-27
What is 1 -